{"id":3,"date":"2024-05-22T13:03:36","date_gmt":"2024-05-22T13:03:36","guid":{"rendered":"https:\/\/visage.ch\/model-agency-zurich\/?page_id=3"},"modified":"2025-07-11T07:00:32","modified_gmt":"2025-07-11T07:00:32","slug":"impressum","status":"publish","type":"page","link":"https:\/\/visage.ch\/model-agency-zurich\/index.php\/impressum\/","title":{"rendered":"Impressum"},"content":{"rendered":"<h3>Impressum<\/h3>\n<p><strong>Kontaktadresse<\/strong><br \/>\nVisage International Model Agency<\/p>\n<p>Bergstrasse 8<br \/>\n8702\u00a0Zollikon<br \/>\nSchweiz<br \/>\nE-Mail: visage@visage.ch<br \/>\nVertretungsberechtigte Personen<\/p>\n<p>Blank Zineta, von St.Gallen, in Zollikon<br \/>\nHandelsregistereintrag<\/p>\n<p>Eingetragener Firmenname: Visage International Management GmbH<br \/>\nNummer: CHE &#8211; 485.395.654<br \/>\nHandelsregisteramt: Z\u00fcrich<br \/>\nMehrwertsteuernummer<\/p>\n<p>CHE &#8211; 485.395.654<br \/>\nHaftungsausschluss<\/p>\n<p>Der Autor \u00fcbernimmt keinerlei Gew\u00e4hr hinsichtlich der inhaltlichen Richtigkeit, Genauigkeit, Aktualit\u00e4t, Zuverl\u00e4ssigkeit und Vollst\u00e4ndigkeit der Informationen. Haftungsanspr\u00fcche gegen den Autor wegen Sch\u00e4den materieller oder immaterieller Art, welche aus dem Zugriff oder der Nutzung bzw. Nichtnutzung der ver\u00f6ffentlichten Informationen, durch Missbrauch der Verbindung oder durch technische St\u00f6rungen entstanden sind, werden ausgeschlossen. Alle Angebote sind unverbindlich. Der Autor beh\u00e4lt es sich ausdr\u00fccklich vor, Teile der Seiten oder das gesamte Angebot ohne gesonderte Ank\u00fcndigung zu ver\u00e4ndern, zu erg\u00e4nzen, zu l\u00f6schen oder die Ver\u00f6ffentlichung zeitweise oder endg\u00fcltig einzustellen.<br \/>\nHaftung f\u00fcr Links<\/p>\n<p>Verweise und Links auf Webseiten Dritter liegen ausserhalb unseres Verantwortungsbereichs Es wird jegliche Verantwortung f\u00fcr solche Webseiten abgelehnt. Der Zugriff und die Nutzung solcher Webseiten erfolgen auf eigene Gefahr des Nutzers oder der Nutzerin.<br \/>\nUrheberrechte<\/p>\n<p>Die Urheber- und alle anderen Rechte an Inhalten, Bildern, Fotos oder anderen Dateien auf der Website geh\u00f6ren ausschliesslich der Firma Visage International Management oder den speziell genannten Rechtsinhabern. F\u00fcr die Reproduktion jeglicher Elemente ist die schriftliche Zustimmung der Urheberrechtstr\u00e4ger im Voraus einzuholen. Visage International Management ist eine der weltweit f\u00fchrenden internationalen Modelagenturen aus Z\u00fcrich \/ Schweiz. Wir stellen f\u00fcr weltweite Kampagnen die passenden Models und stehen mit unserer langj\u00e4hrigen Erfahrung im Modelgesch\u00e4ft beratend gerne zur Verf\u00fcgung.<\/p>\n","protected":false},"excerpt":{"rendered":"<p>Impressum Kontaktadresse Visage International Model Agency Bergstrasse 8 8702\u00a0Zollikon Schweiz  [&#8230;]<\/p>\n","protected":false},"author":1,"featured_media":0,"parent":0,"menu_order":0,"comment_status":"closed","ping_status":"open","template":"","meta":{"inline_featured_image":false,"footnotes":""},"class_list":["post-3","page","type-page","status-publish","hentry"],"yoast_head":"<!-- This site is optimized with the Yoast SEO plugin v25.4 - https:\/\/yoast.com\/wordpress\/plugins\/seo\/ -->\n<title>Impressum - VISAGE International Model Agency Zurich<\/title>\n<meta name=\"robots\" content=\"index, follow, max-snippet:-1, max-image-preview:large, max-video-preview:-1\" \/>\n<link rel=\"canonical\" href=\"https:\/\/visage.ch\/model-agency-zurich\/index.php\/impressum\/\" \/>\n<meta property=\"og:locale\" content=\"de_DE\" \/>\n<meta property=\"og:type\" content=\"article\" \/>\n<meta property=\"og:title\" content=\"Impressum - VISAGE International Model Agency Zurich\" \/>\n<meta property=\"og:description\" content=\"Impressum Kontaktadresse Visage International Model Agency Bergstrasse 8 8702\u00a0Zollikon Schweiz [...]\" \/>\n<meta property=\"og:url\" content=\"https:\/\/visage.ch\/model-agency-zurich\/index.php\/impressum\/\" \/>\n<meta property=\"og:site_name\" content=\"VISAGE International Model Agency Zurich\" \/>\n<meta property=\"article:modified_time\" content=\"2025-07-11T07:00:32+00:00\" \/>\n<meta name=\"twitter:card\" content=\"summary_large_image\" \/>\n<meta name=\"twitter:label1\" content=\"Gesch\u00e4tzte Lesezeit\" \/>\n\t<meta name=\"twitter:data1\" content=\"2\u00a0Minuten\" \/>\n<script type=\"application\/ld+json\" class=\"yoast-schema-graph\">{\"@context\":\"https:\/\/schema.org\",\"@graph\":[{\"@type\":\"WebPage\",\"@id\":\"https:\/\/visage.ch\/model-agency-zurich\/index.php\/impressum\/\",\"url\":\"https:\/\/visage.ch\/model-agency-zurich\/index.php\/impressum\/\",\"name\":\"Impressum - VISAGE International Model Agency Zurich\",\"isPartOf\":{\"@id\":\"https:\/\/visage.ch\/model-agency-zurich\/#website\"},\"datePublished\":\"2024-05-22T13:03:36+00:00\",\"dateModified\":\"2025-07-11T07:00:32+00:00\",\"breadcrumb\":{\"@id\":\"https:\/\/visage.ch\/model-agency-zurich\/index.php\/impressum\/#breadcrumb\"},\"inLanguage\":\"de\",\"potentialAction\":[{\"@type\":\"ReadAction\",\"target\":[\"https:\/\/visage.ch\/model-agency-zurich\/index.php\/impressum\/\"]}]},{\"@type\":\"BreadcrumbList\",\"@id\":\"https:\/\/visage.ch\/model-agency-zurich\/index.php\/impressum\/#breadcrumb\",\"itemListElement\":[{\"@type\":\"ListItem\",\"position\":1,\"name\":\"Startseite\",\"item\":\"https:\/\/visage.ch\/model-agency-zurich\/\"},{\"@type\":\"ListItem\",\"position\":2,\"name\":\"Impressum\"}]},{\"@type\":\"WebSite\",\"@id\":\"https:\/\/visage.ch\/model-agency-zurich\/#website\",\"url\":\"https:\/\/visage.ch\/model-agency-zurich\/\",\"name\":\"VISAGE International Model Agency Zurich\",\"description\":\"VISAGE International Model Agency Zurich\",\"potentialAction\":[{\"@type\":\"SearchAction\",\"target\":{\"@type\":\"EntryPoint\",\"urlTemplate\":\"https:\/\/visage.ch\/model-agency-zurich\/?s={search_term_string}\"},\"query-input\":{\"@type\":\"PropertyValueSpecification\",\"valueRequired\":true,\"valueName\":\"search_term_string\"}}],\"inLanguage\":\"de\"}]}<\/script>\n<!-- \/ Yoast SEO plugin. -->","yoast_head_json":{"title":"Impressum - VISAGE International Model Agency Zurich","robots":{"index":"index","follow":"follow","max-snippet":"max-snippet:-1","max-image-preview":"max-image-preview:large","max-video-preview":"max-video-preview:-1"},"canonical":"https:\/\/visage.ch\/model-agency-zurich\/index.php\/impressum\/","og_locale":"de_DE","og_type":"article","og_title":"Impressum - VISAGE International Model Agency Zurich","og_description":"Impressum Kontaktadresse Visage International Model Agency Bergstrasse 8 8702\u00a0Zollikon Schweiz [...]","og_url":"https:\/\/visage.ch\/model-agency-zurich\/index.php\/impressum\/","og_site_name":"VISAGE International Model Agency Zurich","article_modified_time":"2025-07-11T07:00:32+00:00","twitter_card":"summary_large_image","twitter_misc":{"Gesch\u00e4tzte Lesezeit":"2\u00a0Minuten"},"schema":{"@context":"https:\/\/schema.org","@graph":[{"@type":"WebPage","@id":"https:\/\/visage.ch\/model-agency-zurich\/index.php\/impressum\/","url":"https:\/\/visage.ch\/model-agency-zurich\/index.php\/impressum\/","name":"Impressum - VISAGE International Model Agency Zurich","isPartOf":{"@id":"https:\/\/visage.ch\/model-agency-zurich\/#website"},"datePublished":"2024-05-22T13:03:36+00:00","dateModified":"2025-07-11T07:00:32+00:00","breadcrumb":{"@id":"https:\/\/visage.ch\/model-agency-zurich\/index.php\/impressum\/#breadcrumb"},"inLanguage":"de","potentialAction":[{"@type":"ReadAction","target":["https:\/\/visage.ch\/model-agency-zurich\/index.php\/impressum\/"]}]},{"@type":"BreadcrumbList","@id":"https:\/\/visage.ch\/model-agency-zurich\/index.php\/impressum\/#breadcrumb","itemListElement":[{"@type":"ListItem","position":1,"name":"Startseite","item":"https:\/\/visage.ch\/model-agency-zurich\/"},{"@type":"ListItem","position":2,"name":"Impressum"}]},{"@type":"WebSite","@id":"https:\/\/visage.ch\/model-agency-zurich\/#website","url":"https:\/\/visage.ch\/model-agency-zurich\/","name":"VISAGE International Model Agency Zurich","description":"VISAGE International Model Agency Zurich","potentialAction":[{"@type":"SearchAction","target":{"@type":"EntryPoint","urlTemplate":"https:\/\/visage.ch\/model-agency-zurich\/?s={search_term_string}"},"query-input":{"@type":"PropertyValueSpecification","valueRequired":true,"valueName":"search_term_string"}}],"inLanguage":"de"}]}},"_links":{"self":[{"href":"https:\/\/visage.ch\/model-agency-zurich\/index.php\/wp-json\/wp\/v2\/pages\/3","targetHints":{"allow":["GET"]}}],"collection":[{"href":"https:\/\/visage.ch\/model-agency-zurich\/index.php\/wp-json\/wp\/v2\/pages"}],"about":[{"href":"https:\/\/visage.ch\/model-agency-zurich\/index.php\/wp-json\/wp\/v2\/types\/page"}],"author":[{"embeddable":true,"href":"https:\/\/visage.ch\/model-agency-zurich\/index.php\/wp-json\/wp\/v2\/users\/1"}],"replies":[{"embeddable":true,"href":"https:\/\/visage.ch\/model-agency-zurich\/index.php\/wp-json\/wp\/v2\/comments?post=3"}],"version-history":[{"count":3,"href":"https:\/\/visage.ch\/model-agency-zurich\/index.php\/wp-json\/wp\/v2\/pages\/3\/revisions"}],"predecessor-version":[{"id":7180,"href":"https:\/\/visage.ch\/model-agency-zurich\/index.php\/wp-json\/wp\/v2\/pages\/3\/revisions\/7180"}],"wp:attachment":[{"href":"https:\/\/visage.ch\/model-agency-zurich\/index.php\/wp-json\/wp\/v2\/media?parent=3"}],"curies":[{"name":"wp","href":"https:\/\/api.w.org\/{rel}","templated":true}]}}